 -5 - (44 + (-14 - -28) + -28).
-33
Evaluate 7 + -6 + 4 + 0.
5
What is (-36 - -25) + -18 + 26?
-3
What is the value of 10 - -1 - (-22 + 59 + -9)?
-17
Calculate (12 - -13 - 30) + -28 + 1 + -2.
-34
Calculate -2 + -1 + (-49 - -43) + 20.
11
(-1 - 0) + 4 + 13 + (-18 - -5)
3
1 + (-9 - (-32 + (12 - 6)))
18
What is the value of 6 - (26 - 3) - -7 - (-4 - -9)?
-15
Evaluate 14 + -35 + 13 - -16.
8
What is the value of 25 + -15 + 29 + -26?
13
Calculate 19 + -31 - (-11 + 1) - 14.
-16
Calculate 77 + -70 - (-2 + 5 + 41).
-37
Calculate 71 + -10 + -20 - 14.
27
Calculate -784 - -776 - (2 + 1 + -1).
-10
(57 - 55) + -1 + 0 + -3
-2
What is the value of -24 - -12 - -23 - (-17 + 12)?
16
What is 1 + 0 + 1 - ((12 - 7) + 7)?
-10
What is 4 + -20 + (-40 - -75)?
19
What is (18 - (-13 + 32)) + (-3 - 1) + -10?
-15
What is (135 - 120) + (-13 - -2) - (-1 + 2)?
3
Calculate 19 - (-73 - -63 - (-9 - 1)).
19
What is the value of 18 - (-14 + 65 + -21)?
-12
What is the value of (0 - (-2 - -2)) + 10 + -22 + 1?
-11
Calculate (2 - -21 - 28) + (2 - -1).
-2
(-2 - (7 + -6)) + 6 + 5
8
Calculate -14 - (6 + -27 + 20 + 8).
-21
What is -5 + (-23 - (-10 + -2))?
-16
What is the value of -11 - (-3 + -51) - (-8 + 24)?
27
Calculate 4 + 2 + -5 - 7 - (-26 + 23).
-3
What is (-12 - 3 - -2 - 5) + 2 + -4?
-20
3 - (-48 + 48 + (-1 - 1))
5
What is 15 + 2 + (0 + (-5 - -5) - -5)?
22
(46 - (-10 + 32)) + -4
20
Calculate (-14 - (-9 + 2)) + (13 - -27).
33
(1 - -14 - (-149 + 179)) + 3
-12
Evaluate -40 + 39 + (-3 - -2) + 21 + 1.
20
Evaluate 0 - -18 - (27 + -17 - -1).
7
What is 0 - (-2 + -2) - (2 + (22 - 14))?
-6
What is the value of -16 + 13 + -1 + -5?
-9
Calculate (-1 - (3 - 1) - 6) + (14 - 7).
-2
What is 48 + -55 + (3 - -9)?
5
Calculate 8 + (6 - -9) + -22.
1
Calculate -3 + 13 + (83 - 76) + (-11 - -2).
8
(-4 - 31) + 46 + (-6 - (1 + -2))
6
What is the value of 14 + (-4 + 10 - 7)?
13
Evaluate 18 - ((-1 - -7) + (-9 - (4 - 11))).
14
What is the value of (17 - 1) + (-147 - -136)?
5
-2 + (1 - 0) - (-739 + 732)
6
Evaluate 3 - 5 - ((-12 - 2) + 3).
9
What is the value of (7 - (1 + 8)) + (5 + 7 - 1)?
9
What is the value of -16 + -8 + -1 + -10 + 8?
-27
477 + -504 - (-11 - 0)
-16
-13 + (-5 - (-8 + 4) - -9) - 16
-21
What is the value of 25 + -14 - 8 - 11?
-8
Evaluate -12 - (-3 + 15 - (-4 + 43)).
15
What is the value of 16 + -15 + 3 + 0 + 5?
9
Calculate (2 - -2 - (-24 + 33)) + -9.
-14
What is 27 - (2 + -11 + 2 - (-46 - -42))?
30
-31 + 22 + 4 - (-4 + (-1 - -2))
-2
Calculate -5 + 4 + 11 + 2 + -9.
3
Evaluate -1 + -3 + (-2 - -3) + -3 + 6.
0
Calculate 22 + (-28 + 31 - 23) + (-1 - 13).
-12
What is the value of -8 - (12 - 6 - 2 - 6)?
-6
What is -3 - (15 - -5 - (18 + -8))?
-13
Evaluate -12 + -85 + 75 + 2 + 8.
-12
(15 - 11) + -9 - (5 + 0)
-10
What is the value of (-105 - -133) + (2 - 2) + 4?
32
What is 15 - (-10 + -1 - -22)?
4
22 + (-3 - -1 - (-4 - (-9 + 15)))
30
What is the value of -70 + 78 + (-6 - (-6 - (3 - 4)))?
7
24 + -25 + (6 - 1) - 2
2
Calculate (3 - (6 - 20)) + -7 + 6 + -1.
15
What is the value of 77 + -30 + -37 + 27?
37
2 - (7 - 4 - -2) - -4
1
Calculate -1 + -13 - (-1431 - -1436).
-19
Evaluate (-6 - -26 - 7) + (18 - 22).
9
Evaluate (-4 - -9 - 0 - 6) + -3.
-4
What is 17 + (0 - 17) + 35 - (10 - 1)?
26
Evaluate -12 + 13 - (-10 + 6).
5
4 + 32 + -28 + 1 + -1
8
(74 - 72) + (-1 - 6) + 10 + -8
-3
19 + 10 + -22 + -6 + 2
3
-11 + (6 - (-5 + (1 - 0)))
-1
What is (5 - 3) + -1 + (0 - 2 - -16)?
15
What is the value of -1 - 14 - -31 - 5?
11
6 + (-9 - -26) + (-8 - -1)
16
What is the value of 2 + -10 + (8 + -11 - -3)?
-8
What is -13 - (1 - (1 + -1 + -6))?
-20
-3 + -7 + -5 + 11
-4
-4 + (31 + -6 + -9 - (0 + 7))
5
What is the value of (19 - (15 + -10)) + 1 - 6?
9
Evaluate (5 - 39 - (-15 + 0)) + (4 - 1).
-16
Evaluate 1 + (2 - -3) + (1234 - 1242).
-2
-2 + -10 + -1 + (575 - 588)
-26
Calculate 20 + -25 + 3 + 2 - -10.
10
What is 0 + -17 + (10 - -5)?
-2
Calculate (-24 - -27) + 16 - (1 - -6 - -1).
11
What is the value of -28 - (-23 - -9 - -3)?
-17
What is (0 - 1 - 1) + -2 + -3 + 8?
1
What is -6 + -3 + 2 - (-3 + 3 + 1)?
-8
Evaluate -19 + 4 + 19 - 14.
-10
What is -5 + (0 - (-9 - (-10 - -6)))?
0
What is the value of (-6 + 0 - -11) + -1 + -6 + 2?
0
Calculate -13 + 39 + -14 + -1.
11
Evaluate -16 - (4 + 1 + -5) - (0 - -2).
-18
Evaluate 6 + -2 + -1 + 0 + (-20 - -16).
-1
2 - (10 + (-23 - -10) + -7 + 1)
11
Evaluate 29 - (1 - -37) - (0 - 1).
-8
19 - 4 - (-105 - -137)
-17
Calculate -3 - (11 + -9 - 9) - (1 - 3).
6
What is the value of 236 + -233 - ((-3 - (1 + -2)) + 15)?
-10
Calculate 6 + 32 + (0 - -7) + (-7 - 9).
29
What is the value of -13 + (5 + 13 - 16)?
-11
Calculate -9 + -5 - ((8 - 6) + 5 + -6).
-15
(5 - -1) + (11 - (4 + 8)) + -4
1
Evaluate -1 - (4 - 9) - 9 - (3 - 7).
-1
2 + 0 + -4 + (-22 - (-21 - 0))
-3
Evaluate (93 - 62) + (-5 + 0 - (10 + -7)).
23
(-257 - -254) + (-11 - -1) + (4 - 0)
-9
Calculate (14 - 14 - 3) + 5 - (-1 - 18).
21
Evaluate (245 - 229) + 1 + -1 + -54.
-38
8 + (-14 - (-13 - (0 - (6 - -4))))
-3
Calculate -39 + 23 + 2 + 28.
14
-1 + 13 - (-117 - -123)
6
What is (6 - 1) + (-19 - (36 + -65))?
15
What is the value of -4 + 1 + -28 + 25 - -4?
-2
Calculate 2 + 0 + 5 - -5 - 0.
12
Evaluate 29 + (-89 - -32) + 2 + 0.
-26
Evaluate 2 - 7 - (7 - (-5 - -3 - -8)).
-6
Calculate 13 - (2 + 9 + 14).
-12
Calculate -3 + (3 - 7) + 3.
-4
Evaluate (10 - 6 - 8) + -8.
-12
-6 + (5 - -1) + (-13 - -16) + -12
-9
Calculate (-180 - -151) + 10 + 0 + -5 + 4.
-20
Calculate -27 + 1 + 187 + -174.
-13
Evaluate -6 + (27 - (5 - -8)) + 3.
11
Calculate -20 - (-17 - 22) - 46.
-27
What is 3 + 6 + -38 + -11 + 23?
-17
5 + -11 + 18 - -1
13
Evaluate -73 - -61 - (5 - 4).
-13
47 + (1 - (-7 - -1) - (7 + 8))
39
Calculate 5 + 1 + -9 + (39 - 36) + 5.
5
What is 9 + (4 - (3 - -1) - -6) + -3?
12
Evaluate 12 + (58 + -59 - (-1 - 2) - 4).
10
-9 - (14 + 9 + -11)
-21
What is the value of 2 - ((2 - (0 - 5)) + 8 + -11)?
-2
What is (-6 + 1 - -7) + (4 - -4)?
10
What is (12 - 11) + -2 + -6 + (3 - 3)?
-7
Evaluate 11 + -5 - (83 + -80 + (-1 - -6)).
-2
Calculate -26 - (5 + 0 + -20).
-11
8 + (-2 - (0 + (-1 - -5)))
2
What is -55 + 67 + (-1 - 1) - -1?
11
Evaluate -5 + 3 - (5 - 12) - (7 + -2).
0
What is -24 - 1 - (-916 - -898)?
-7
12 - -5 - 4 - -12
25
What is the value of (-4 - -19 - -5) + -4?
16
What is 10 + 2 - (-323 - -348)?
-13
What is 39 - ((-21 - -54) + -11)?
17
What is -10 + (-1 - -11 - (-157 + 166))?
-9
What is the value of -7 - -5 - -5 - (-16 + 26)?
-7
-25 - (6 + -10 + 14 + -13)
-22
What is the value of 1 + 0 + -6 + -2228 + 2249?
16
What is the value of -9 + (-4 - ((6 - (12 + -6)) + -4))?
-9
(0 + 5 - -4 - 6) + 3 + -1
5
What is (0 - -1 - (-23 - (-11 - 2))) + 3?
14
What is -920 + 927 - (-17 + 1)?
23
What is 8 + (-35 - (-4 - 19))?
-4
-6 + (-9 - (1 - -1)) + -124 + 117
-24
What is (-13 - 10) + 46 - 43?
-20
What is the value of 12 - (-3 + 15 - (3 - -17))?
20
Calculate -1 + 9 - (21 + (5 - 16) + 11).
-13
What is 2 + -2 + (27 - 20)?
7
What is -7 - (-15 - -6) - (-22 + 2)?
22
Calculate (13 - 28 - 53) + 31 - (1 - 2).
-36
What is -7 + -11 + -9 + 14?
-13
Evaluate 1 - (-3 - -1) - 9 - (-15 - -14).
-5
What is the value of -8 - (-12 + (-2 - -9))?
-3
Calculate (-1 + 1 - 12) + -172 + -54 + 234.
-4
What is (41 - (52 - 25)) + -6 + -9?
-1
Calculate -485 + 476 - (-20 - (-4 + 3)).
10
What is -1 + 7 + -22 + 31 + (1 - 11)?
5
Calculate 13 - (1 + 1) - (125 - 95).
-19
What is 23 + 30 + -57 + 23?
19
-25 - ((44 - 27) + -45)
3
Evaluate (-17 - -6) + 12 + -1 + 23 + 10.
33
Evaluate 16 - (12 + (-1 - 20)).
25
Calculate -17 + 30 - -9 - 37.
-15
What is (-11 + 7 - 8) + (0 - 0 - -1)?
-11
What is the value of (-8 - (-8 + 2)) + -2 - -9?
5
3 + (-6 - ((1 - (-6 - -2)) + -4))
-4
Calculate -6 - (1 + -4 + 2).
-5
What is (-8 + 19 - -2) + -6 + 0?
7
What is 18 + -19 + 6 + -3 + 33 + -1?
34
What is -1 + -1 + 38 + (40 - 86)?
-10
Calculate 0 + -1 + (5 + (6 - 5) - 1).
4
What is -5 + (-8 - -17) + -3 + 6 + -5?
2
15 - (14 - -1 - -2)
-2
What is the value of 0 - -14 - (-60 + -2 + 69)?
7
(9 - 16) + 11 + 9 + 3
16
Calculate -3 + (-22 + 7 - -13) - (0 - 33).
28
What is the value of (5 - -2 - 13) + 4 - -8 - 0?
6
Calculate -7 + 14 + 0 - (-95 - -82).
20
Calculate 3 - (-37 + 43 + 2 + (-2 - -3)).
-6
What is the value of -5 - (3 - (2 - 5 - -18)) - 3?
4
What is -4 + (4 - 2) + (-360 - -360)?
-2
Evaluate (5 - (-3 - (-2 + -6))) + (4 - 2).
2
Calculate 93 + -94 - ((-18 - -16) + -11 + -1